Let b(j) = -2*j**3 + 8*j**2 - 4*j + 14. Let c(p) = p**3 + p**2 - 2. Let h(s) = b(s) + 4*c(s). Let v be h(3). Let q = v - 140. What is the units digit of q?
6
Suppose -i = 3*x - 13359, -28*i + 13380 = -27*i - 4*x. What is the hundreds digit of i?
3
What is the thousands digit of -887 + 885 + (1 - -1172) + -1?
1
Let m = 42 + -7. Suppose -11*o = -4*o + m. What is the units digit of ((-105)/15)/(1/o)?
5
Let a be (-12)/(-3) + -2 + 37. Let p = a - 36. Let b(t) = 2*t**3 + 3*t**2 - 3*t - 4. What is the units digit of b(p)?
8
Let s(d) = -6*d**3 + 11*d**2 + 2*d - 15. Let f(a) = a**3 - a**2 + 1. Let j(i) = -5*f(i) - s(i). Let b be j(6). What is the units digit of 8*5/40 - 78/b?
0
Let z(a) = -18*a - 109. Let x(y) = -16*y - 108. Let j(d) = -2*x(d) + 3*z(d). What is the tens digit of j(-18)?
8
Let t be (1/(-2))/((-1 - 0)/8). Let z(j) = -7 + 25*j - 2 + 7*j**2 + t - j**2. What is the units digit of z(-6)?
1
Suppose 0 = 2147*w - 2115*w - 1472. What is the tens digit of w?
4
Suppose 79*o = 83*o - 2552. Let l = o - 320. What is the units digit of l?
8
Let s = -5466 - -1616. Let j = -2432 - s. What is the hundreds digit of j?
4
Let t be (-1)/(-2) - 22/(-4). Suppose 0 = 4*h - t + 2. Suppose -289 + h = -3*q. What is the tens digit of q?
9
Let c be 7 + 655/7 + (-6)/(-14). Suppose -d + 14 - 52 = 0. Let m = d + c. What is the units digit of m?
3
What is the tens digit of (-439)/(((-2349)/138 - -10) + 7)?
9
Suppose 0 = 5*d - 3*h - 119937, -625*d + 629*d + 4*h = 95988. What is the tens digit of d?
9
Let i(m) = -1030*m - 6724. What is the hundreds digit of i(-45)?
6
Let f(j) = j**3 + 11*j**2 + 10*j + 4. Let c be f(-10). Suppose -5*y + 2*m + 475 = -3*m, -c*m = 4*y - 356. Let r = y + -29. What is the units digit of r?
3
Let z(x) = -116*x + 185. Let y be (1 + 2)*((-100)/(-6))/(-5). What is the hundreds digit of z(y)?
3
Let a be (1 - 0)/((-4)/(0 + -12)). Suppose 2*b + 2*b + 17 = 5*o, 0 = -a*b - 4*o + 26. Suppose b*v + 26 = 4*v. What is the tens digit of v?
1
Suppose 186 = 9*u + 69. Let k = u - 45. What is the tens digit of (0 - -4)*(-624)/k?
7
Let w(n) = n**3 - 21*n**2 + 3*n - 11. Let m be (-8)/(-80)*15*(-88)/(-6). What is the units digit of w(m)?
9
Suppose -106*y + 150 = -111*y. Let l = 534 + y. Suppose 2*r = 10*r - l. What is the units digit of r?
3
What is the units digit of (6/(-5))/((-2)/23130)?
8
Suppose u + 5*t + 5 = -12, -5*u - 5*t = 5. Let o = 7 - u. Suppose 102 = y + z + 3*z, 2*y = o*z + 204. What is the tens digit of y?
0
Let f = -6 + 10. Suppose 2*o + 25 = o - j, -4*o = -f*j + 68. Let a = -10 - o. What is the units digit of a?
1
Let t be (10/3)/((-15)/(180/(-8))). Let j(y) = 106*y + 1. Let n be j(7). Suppose z - 38 = t*s - n, 0 = 3*z. What is the tens digit of s?
4
Let c(w) = 2*w**3 + w**2. Let o(s) = -3*s**3 - 4*s**2 + s - 350. Let g(t) = -2*c(t) - o(t). What is the units digit of g(0)?
0
Let i(y) = 113*y - 3. Let d be i(1). Let f = -97 + d. Suppose -18*m = -f*m - 985. What is the tens digit of m?
9
Let i = 291 - 350. What is the hundreds digit of (i/(-2))/((63/198)/7)?
6
Let c = 74 + -147. Let g = c + 95. What is the tens digit of (g/8)/(((-9)/(-12))/3)?
1
Let z(v) = 113*v**2 + 194*v - 2. What is the thousands digit of z(-6)?
2
Let x be (-112)/(-20) + 4/10. Let f be -2 + (-3)/x*-6. What is the tens digit of (101 + f)/(1 + 1)?
5
Suppose -2*o = y - 12896, 16*y = 4*o + 20*y - 25784. What is the units digit of o?
0
Suppose 633014 = 35*a + 121874. What is the hundreds digit of a?
6
Suppose 2*r + 4*s = 22464, 20*s - 17*s = -5*r + 56125. What is the thousands digit of r?
1
Let d(s) = 13*s + 19. Let z(b) = -66*b - 95. Let u(h) = 11*d(h) + 2*z(h). What is the units digit of u(6)?
5
Let y = -218 - -221. Suppose -4*s + 2552 = 4*c, -5*s - 1256 = -7*s + y*c. What is the units digit of s?
4
Let p(m) = -246*m + 83. Let o be p(-6). Let w = 2763 - o. What is the units digit of w?
4
Let b(c) = 21*c**2 - 53*c + 579. What is the tens digit of b(20)?
1
Let q be 1/(14/4 - 3) - 13. Let v(d) = -d**2 - 11*d + 27. Let a be v(q). Let x = -10 + a. What is the tens digit of x?
1
Let d = 547 + -391. What is the units digit of 62829/d - (-5)/4?
4
Suppose -25*d = -7*d - 11*d - 29764. What is the thousands digit of d?
4
Let v = -1065 - -738. Let m = 17 - v. What is the tens digit of m?
4
Suppose -3*k - 15*k = -162. Let q(h) = 5*h**2 + 53*h - 12. What is the hundreds digit of q(k)?
8
Suppose 389 - 412 = h. What is the units digit of (h/4)/(40/(-4800))?
0
Let v(a) = a**3 + 16*a**2 - 17*a + 8. Let i be v(-17). Let k be 14/(-56) + 98/i + -1. Suppose -p = k*p - 936. What is the tens digit of p?
7
What is the units digit of ((40/(-140))/(1/2707))/((-2)/28)?
8
Let j(b) = 50*b - 2. Let g(c) = 50*c - 3. Let r(l) = -5*g(l) + 6*j(l). Let z be r(4). Suppose -f - v - 12 = -z, 3*v = 5*f - 995. What is the tens digit of f?
9
Let s be 2/(-8)*(-9 - 3). Let x be (4 - s)/((-4)/(-16)). Suppose -2*h + 48 = x*u, -2*h + 38 + 10 = -5*u. What is the units digit of h?
4
Let b(m) = -7*m - 6. Let x(t) = 27*t + 23. Let k(z) = 9*b(z) + 2*x(z). Let y be k(-14). What is the tens digit of y/(-177) - ((-131)/3)/1?
4
Let o(f) = 2931*f**2 - 26*f + 87. What is the tens digit of o(3)?
8
Suppose 1243351 - 263463 = 104*k. What is the tens digit of k?
2
Let k be (-6)/14 - (-80)/7. Suppose -k*n = -16*n - 25, 3*l = 3*n + 303. What is the units digit of l?
6
Suppose 4*t - 18684 = -4*s, 17*s + 14023 = 20*s + t. What is the hundreds digit of s?
6
Let x(r) = r + 7. Let a be x(-11). What is the tens digit of (-6)/a*-212*(-2)/6?
0
Let v(w) = 36*w**2 - 4. Let z(l) = 36*l**2 - 3. Let x(f) = -4*v(f) + 5*z(f). What is the hundreds digit of x(2)?
1
Let v(t) = -t**3 - 10*t**2 - 21*t + 6. Let b be v(-7). Suppose 3*h = -3*i + 1998, i - b*h = -2*h + 641. What is the hundreds digit of i?
6
What is the hundreds digit of 468/39 + (138 - -2)?
1
Let v be -2 + 150 + 12/4. Suppose 4*z - 197 = v. Suppose -3*x = -393 + z. What is the units digit of x?
2
Suppose 0*a + 5*a + 1696 = 2*q, -4*a - 1358 = -2*q. Let s = a - -525. What is the hundreds digit of s?
1
Let c(z) = z**3 + 12*z**2 - 11*z - 8. Let m be c(-6). Let b = m + 222. Suppose 267 = 7*j - b. What is the tens digit of j?
0
Suppose 0 = -39*p + 232751 + 545806. What is the thousands digit of p?
9
Let f = 281 + -277. Suppose 4*m = 20, m - 17 = -q - m. Suppose -291 = f*n - q*n. What is the tens digit of n?
9
Let b = 17 + -22. Let f be (8/b)/(-4)*880. Let m = f + -240. What is the units digit of m?
2
What is the units digit of 84*(-35)/(-21)*((-3)/(-3) - -46)?
0
Let g = -43490 - -68093. What is the tens digit of g?
0
Let c(x) be the third derivative of x**6/60 + x**3/2 - 4*x**2. Let n(i) = i**3 - 2*i**2 + 2*i + 4. Let a be n(0). What is the units digit of c(a)?
1
Suppose 2*n + 248 = 260. Suppose 3*s - n*s + 2124 = -3*w, -w - 2118 = -3*s. What is the tens digit of s?
0
Let j(f) = f**3 + 11*f**2 - 25*f - 7. Let h be j(-13). Let r be (-1)/(-5) + -3 + (-36)/h. What is the tens digit of 84*(0 - (r - 1/2))?
2
Let y be (-1)/3*(-63 + 0). Suppose 0 = -2*v - 0*v + 2*o + 78, -v - 3*o = -55. Let n = v + y. What is the tens digit of n?
6
Suppose 4*t - 26459 = -r, -5*t - 11*r + 33061 = -14*r. What is the hundreds digit of t?
6
Let d(s) = 8*s**2 - 123*s - 252. What is the tens digit of d(33)?
0
Let q(l) = l**3 + l**2 - 6*l + 459. Let t be q(0). Suppose t + 1421 = 5*y. What is the tens digit of y?
7
Let j = 349 - 222. Let w = 262 - j. What is the hundreds digit of w?
1
Suppose -9*w + 4*w = 4*g - 34849, 5*g - 5 = 0. What is the units digit of w?
9
Let o be ((-2)/6)/(2/78). What is the units digit of -3 + (-6550)/(-8) + o/(-52)?
6
Let s = 1159 + 30. Suppose 5*a - s = 4*w, w = -5*a + 2*w + 1186. What is the units digit of a?
7
Suppose -5*j + 53934 = -163843 - 69898. What is the hundreds digit of j?
5
Suppose z + 5*w = 6321 + 10529, 4*z + 4*w = 67336. What is the hundreds digit of z?
8
Let q be 4*6/(-48) + (-46)/4. Let t be 0/q - 1*-10. Suppose 7*v + 273 = t*v. What is the units digit of v?
1
What is the hundreds digit of 180037/9 + (-74)/666?
0
Suppose 17*i = 4157 - 570. Suppose -546 = -v - 5*w - i, -5*w = 5*v - 1595. What is the units digit of v?
5
Let m(l) = l**3 + 10*l**2 + 8*l - 8. Let a be m(-9). Let i be a + -2 + (-12)/(-3). Suppose i*s = 2*s + 60. What is the units digit of s?
0
Let z(h) = -2196*h - 4468. What is t